{"id":1974,"date":"2015-08-18T16:13:01","date_gmt":"2015-08-18T16:13:01","guid":{"rendered":"https:\/\/ww2.fjeldskaar.com\/?page_id=1974"},"modified":"2020-09-10T22:33:00","modified_gmt":"2020-09-10T20:33:00","slug":"biskop-jorgen-eriksson","status":"publish","type":"page","link":"https:\/\/ww2.fjeldskaar.com\/index.php\/biskop-jorgen-eriksson\/","title":{"rendered":"Biskop J\u00f8rgen Eriksson"},"content":{"rendered":"<div class=\"pdfprnt-buttons pdfprnt-buttons-page pdfprnt-top-right\"><a href=\"https:\/\/ww2.fjeldskaar.com\/index.php\/wp-json\/wp\/v2\/pages\/1974?print=pdf\" class=\"pdfprnt-button pdfprnt-button-pdf\" target=\"_blank\"><img decoding=\"async\" src=\"https:\/\/ww2.fjeldskaar.com\/wp-content\/plugins\/pdf-print\/images\/pdf.png\" alt=\"image_pdf\" title=\"View PDF\" \/><\/a><a href=\"https:\/\/ww2.fjeldskaar.com\/index.php\/wp-json\/wp\/v2\/pages\/1974?print=print\" class=\"pdfprnt-button pdfprnt-button-print\" target=\"_blank\"><img decoding=\"async\" src=\"https:\/\/ww2.fjeldskaar.com\/wp-content\/plugins\/pdf-print\/images\/print.png\" alt=\"image_print\" title=\"Print Content\" \/><\/a><\/div><p>&nbsp;<\/p>\n<h2 style=\"text-align: center;\">\u00a0 <span style=\"font-size: 24pt; color: #806239;\">\u00a0J\u00f8rgen Erikss\u00f8n, biskop 1571-1604<\/span><\/h2>\n<div><\/div>\n<p><img loading=\"lazy\" decoding=\"async\" class=\"aligncenter wp-image-1955 size-full\" src=\"https:\/\/ww2.fjeldskaar.com\/wp-content\/uploads\/2015\/05\/Bisp_J\u00f8rgen_Eriksen.jpg\" alt=\"Bisp_J\u00f8rgen_Eriksen\" width=\"512\" height=\"699\" srcset=\"https:\/\/ww2.fjeldskaar.com\/wp-content\/uploads\/2015\/05\/Bisp_J\u00f8rgen_Eriksen.jpg 512w, https:\/\/ww2.fjeldskaar.com\/wp-content\/uploads\/2015\/05\/Bisp_J\u00f8rgen_Eriksen-220x300.jpg 220w\" sizes=\"(max-width: 512px) 100vw, 512px\" \/><\/p>\n<p>&nbsp;<\/p>\n<div style=\"text-align: center;\"><em>J\u00f8rgen Eriksson var biskop i Stavanger i perioden 1571-1604.\u00a0Eriksson ble ofte kalt &laquo;Norges Luther&raquo;.<\/em><\/div>\n<div><\/div>\n<div><\/div>\n<div style=\"text-align: justify;\"><em>Han var f\u00f8dt i Haderslev i 1535. I 1559 m\u00f8ter vi han som rektor p\u00e5 latinskolen i Bergen. Etter et \u00e5rs forl\u00f8p ble han slottsprest p\u00e5 Bergenhus.\u00a0Han giftet seg med Bergens-biskop Schelderups datter.\u00a0&laquo;Eriksson var kanskje den mest betydelige skikkelse i den norske kirke i reformasjons\u00e5rhundre. En kan si at det f\u00f8rst var ved J\u00f8rgen Erikssons innsats at reformasjonen ble s\u00e5nn noenlunde stabilisert som kirkelig ordning i stiftet&raquo; (if\u00f8lge Wisl\u00f8ffs kirkehistorie).\u00a0<\/em><\/div>\n<div style=\"text-align: justify;\"><em><span style=\"color: #ffffff;\">&#8230;..<\/span>Vi merker hans sterke initiativ allerede p\u00e5 stiftssynoden i 1573. her ble viktige beslutninger fattet. Prestene fikk beskjed om \u00e5 skikke seg etter kongens ordinans b\u00e5de med hensyn til liv og l\u00e6re. S\u00e6rlig ble det innprentet at de ikke m\u00e5tte ligge i strid med hverandre. At denne formaning var h\u00f8yst p\u00e5krevet er det flere konkrete bevis p\u00e5 i form av forargerlige stridigheter mellom prester.<\/em><br \/>\n<em><span style=\"color: #ffffff;\">&#8230;..<\/span>Meget interessante er Stavanger-synodens bestemmelser ang\u00e5ende sakramentene. Synoden sl\u00e5r fast at heretter skal man bare d\u00f8pe ved over\u00f8sning, &laquo;efterdi man ikke uten barnens skade om vinteren kan blotte den ganske kropp p\u00e5 barnet&raquo;.<\/em><\/div>\n<div style=\"text-align: justify;\"><img loading=\"lazy\" decoding=\"async\" class=\"alignnone size-full wp-image-1953 aligncenter\" src=\"https:\/\/ww2.fjeldskaar.com\/wp-content\/uploads\/2015\/05\/1592_J\u00f8rgen_Eriksson_Jonas.jpg\" alt=\"1592_J\u00f8rgen_Eriksson_Jonas\" width=\"220\" height=\"290\" \/><br \/>\n<em><span style=\"color: #ffffff;\">&#8230;..<\/span>J\u00f8rgen Erikss\u00f8ns navn er ikke minst knyttet til boken &laquo;Jon\u00e6 Prophetis ski\u00f8na Historia, udi 24. Predicken begrepen&raquo; (trykket i K\u00f8benhavn 1592). Boken bygger p\u00e5 prekener som biskopen hadde holdt igjennom flere \u00e5r i sin domkirke. Det er den betydeligste vitnesbyrd vi har om forkynnelsen i den norske kirke i reformasjons\u00e5rhundret.\u00a0<\/em><br \/>\n<em><span style=\"color: #ffffff;\">&#8230;..<\/span>Vi m\u00f8ter i hans bok den samme milde lutherdom som hos Jens Nilss\u00f8n og mange andre norske og danske kirkemenn p\u00e5 denne tiden. Det er i forkynnelsen av den danne bot at J\u00f8rgen Erikss\u00f8n har sin styrke. Han vil kalle ubotferdige mennesker til et nytt liv, det m\u00e5 bli slutt p\u00e5 syndens herred\u00f8mme blant oss. Men han er milevidt fra religi\u00f8s moralisme. P\u00f8nitensen (fromheten) er tross alt mer enn Guds gave enn den er menneskets gjerning, sier han. <\/em>(etter Carl Fr Wisl\u00f8ff Norsk Kirkehistorie)<\/div>\n<div><\/div>\n<div><\/div>\n<p>&nbsp;<\/p>\n<p style=\"text-align: center;\">\n","protected":false},"excerpt":{"rendered":"<p>&nbsp; \u00a0 \u00a0J\u00f8rgen Erikss\u00f8n, biskop 1571-1604 &nbsp; J\u00f8rgen Eriksson var biskop i Stavanger i perioden 1571-1604.\u00a0Eriksson ble ofte kalt &laquo;Norges Luther&raquo;. Han var f\u00f8dt i Haderslev i 1535. I 1559 m\u00f8ter vi han som rektor p\u00e5 latinskolen i Bergen. Etter et \u00e5rs forl\u00f8p ble han slottsprest p\u00e5 Bergenhus.\u00a0Han giftet seg med Bergens-biskop Schelderups datter.\u00a0&laquo;Eriksson var [&hellip;]<\/p>\n","protected":false},"author":1,"featured_media":0,"parent":0,"menu_order":30,"comment_status":"closed","ping_status":"closed","template":"no_sidebar.php","meta":{"jetpack_post_was_ever_published":false,"footnotes":""},"class_list":["post-1974","page","type-page","status-publish","hentry"],"jetpack_sharing_enabled":true,"jetpack_shortlink":"https:\/\/wp.me\/P6aoJ2-vQ","_links":{"self":[{"href":"https:\/\/ww2.fjeldskaar.com\/index.php\/wp-json\/wp\/v2\/pages\/1974"}],"collection":[{"href":"https:\/\/ww2.fjeldskaar.com\/index.php\/wp-json\/wp\/v2\/pages"}],"about":[{"href":"https:\/\/ww2.fjeldskaar.com\/index.php\/wp-json\/wp\/v2\/types\/page"}],"author":[{"embeddable":true,"href":"https:\/\/ww2.fjeldskaar.com\/index.php\/wp-json\/wp\/v2\/users\/1"}],"replies":[{"embeddable":true,"href":"https:\/\/ww2.fjeldskaar.com\/index.php\/wp-json\/wp\/v2\/comments?post=1974"}],"version-history":[{"count":14,"href":"https:\/\/ww2.fjeldskaar.com\/index.php\/wp-json\/wp\/v2\/pages\/1974\/revisions"}],"predecessor-version":[{"id":7644,"href":"https:\/\/ww2.fjeldskaar.com\/index.php\/wp-json\/wp\/v2\/pages\/1974\/revisions\/7644"}],"wp:attachment":[{"href":"https:\/\/ww2.fjeldskaar.com\/index.php\/wp-json\/wp\/v2\/media?parent=1974"}],"curies":[{"name":"wp","href":"https:\/\/api.w.org\/{rel}","templated":true}]}}