{"id":5210,"date":"2019-12-23T09:04:41","date_gmt":"2019-12-23T09:04:41","guid":{"rendered":"https:\/\/ww2.fjeldskaar.com\/?page_id=5210"},"modified":"2020-08-22T15:46:09","modified_gmt":"2020-08-22T15:46:09","slug":"5210-2","status":"publish","type":"page","link":"https:\/\/ww2.fjeldskaar.com\/index.php\/5210-2\/","title":{"rendered":"Om farmors bolig"},"content":{"rendered":"<div class=\"pdfprnt-buttons pdfprnt-buttons-page pdfprnt-top-right\"><a href=\"https:\/\/ww2.fjeldskaar.com\/index.php\/wp-json\/wp\/v2\/pages\/5210?print=pdf\" class=\"pdfprnt-button pdfprnt-button-pdf\" target=\"_blank\"><img decoding=\"async\" src=\"https:\/\/ww2.fjeldskaar.com\/wp-content\/plugins\/pdf-print\/images\/pdf.png\" alt=\"image_pdf\" title=\"View PDF\" \/><\/a><a href=\"https:\/\/ww2.fjeldskaar.com\/index.php\/wp-json\/wp\/v2\/pages\/5210?print=print\" class=\"pdfprnt-button pdfprnt-button-print\" target=\"_blank\"><img decoding=\"async\" src=\"https:\/\/ww2.fjeldskaar.com\/wp-content\/plugins\/pdf-print\/images\/print.png\" alt=\"image_print\" title=\"Print Content\" \/><\/a><\/div><div><\/div>\n<div><\/div>\n<div><img loading=\"lazy\" decoding=\"async\" class=\"size-full wp-image-5231 aligncenter\" src=\"https:\/\/ww2.fjeldskaar.com\/wp-content\/uploads\/2020\/03\/280.jpg\" alt=\"\" width=\"500\" height=\"408\" srcset=\"https:\/\/ww2.fjeldskaar.com\/wp-content\/uploads\/2020\/03\/280.jpg 500w, https:\/\/ww2.fjeldskaar.com\/wp-content\/uploads\/2020\/03\/280-300x245.jpg 300w\" sizes=\"(max-width: 500px) 100vw, 500px\" \/><\/div>\n<div><\/div>\n<div>Bildet nedenfor viser farmor Amalie og farfar Kornelius, og det er tatt rundt 1936-38. Bilen er Chevrolet 1926-modell som min far William eide 1936-38; han har nok tatt bildet. Kan grunnen til at de var p\u00e5 bes\u00f8k p\u00e5 Lindesnes &#8211; i forbindelse med Sigvarts begravelse? G\u00e5r ut fra at det er ved et hus langs Lindesnesveien, og sikkert ikke tilfeldig at de har tatt oppstilling akkurat der. &laquo;Sofies&raquo; hus er en god mulighet, da det ligner (se bilde nedenfor).<\/div>\n<div><\/div>\n<div><img loading=\"lazy\" decoding=\"async\" class=\"size-full wp-image-5234 aligncenter\" src=\"https:\/\/ww2.fjeldskaar.com\/wp-content\/uploads\/2020\/03\/sofies.jpg\" alt=\"\" width=\"597\" height=\"480\" srcset=\"https:\/\/ww2.fjeldskaar.com\/wp-content\/uploads\/2020\/03\/sofies.jpg 597w, https:\/\/ww2.fjeldskaar.com\/wp-content\/uploads\/2020\/03\/sofies-300x241.jpg 300w\" sizes=\"(max-width: 597px) 100vw, 597px\" \/>Men det er flere ting som jeg mener ikke stemmer s\u00e5 godt. Sofies hus (fra google streetview) ser ut til \u00e5 ligge mye h\u00f8yere enn p\u00e5 bildet med farmor og farfar, og terrenget er mer skr\u00e5tt; grunnmuren er derfor h\u00f8yere p\u00e5 Sofies hus n\u00e5, enn p\u00e5 det andre bildet.\u00a0 Topografi og vegetasjon bak huset er ulikt.<\/div>\n<div><\/div>\n<div>Da syns jeg vegetasjonen bak Lindesnesveien 785 ligner mer (fra streetview).<\/div>\n<div><img loading=\"lazy\" decoding=\"async\" class=\"size-full wp-image-5233 aligncenter\" src=\"https:\/\/ww2.fjeldskaar.com\/wp-content\/uploads\/2020\/03\/lindesnesveien785.jpg\" alt=\"\" width=\"967\" height=\"492\" srcset=\"https:\/\/ww2.fjeldskaar.com\/wp-content\/uploads\/2020\/03\/lindesnesveien785.jpg 967w, https:\/\/ww2.fjeldskaar.com\/wp-content\/uploads\/2020\/03\/lindesnesveien785-300x153.jpg 300w, https:\/\/ww2.fjeldskaar.com\/wp-content\/uploads\/2020\/03\/lindesnesveien785-768x391.jpg 768w\" sizes=\"(max-width: 967px) 100vw, 967px\" \/><\/div>\n<div><\/div>\n<div>Over til et flyfoto fra 1961 av Lindesnesveien 785. Det ser ut til \u00e5 v\u00e6re rester av en grunnmur (piler) foran dagens hus. Hvis det stod et hus der, s\u00e5 syns jeg topografi og beliggenhet passer bra med bildet av farmor og farfar.<\/div>\n<div><\/div>\n<div><img loading=\"lazy\" decoding=\"async\" class=\"size-full wp-image-5232 aligncenter\" src=\"https:\/\/ww2.fjeldskaar.com\/wp-content\/uploads\/2020\/03\/lindesnesveien.jpg\" alt=\"\" width=\"488\" height=\"356\" srcset=\"https:\/\/ww2.fjeldskaar.com\/wp-content\/uploads\/2020\/03\/lindesnesveien.jpg 488w, https:\/\/ww2.fjeldskaar.com\/wp-content\/uploads\/2020\/03\/lindesnesveien-300x219.jpg 300w\" sizes=\"(max-width: 488px) 100vw, 488px\" \/><\/div>\n<div><\/div>\n<div>Men det er enda en faktor i dette. Amalie var f\u00f8dt i 84 og ble konfirmert i Spangereid kirke i 98. Det m\u00e5 v\u00e6re deler av denne perioden (+ noen \u00e5r) at hun bodde p\u00e5 Fjeldsk\u00e5r. Sofie og Sigvart giftet seg i 1907, s\u00e5 det var ikke de som eide &laquo;Sofies&raquo; hus da Amalie bodde der.<\/div>\n<div><\/div>\n<div>Jeg tror de st\u00e5r foran huset hvor Amalie vokste opp. Jeg spurte en gang far min om hvor Amalie bodde, og da svarte han at Kornelius og Amalie &laquo;bodde rett over veien for hverandre&raquo;. Det kan jo selvsagt ha v\u00e6rt Sofies hus, men det forutsetter at det var slektninger som bodde der. I Lindesnesveien 785 s\u00e5 bodde Gurine og Tobias Jansen, og Gurine var eldste s\u00f8ster av Tomine (v\u00e5r felles oldemor) p\u00e5 Eidet. Ikke unaturlig at det var Gurine som forbarmet seg over Amalie.<\/div>\n<div><\/div>\n<div>\n<p style=\"font-weight: 400;\"><em>Birger Fjeldskaar (barnebarn av Sofie og Sigvart) skriver f\u00f8lgende:<\/em><\/p>\n<p style=\"font-weight: 400;\"><em>Har unders\u00f8kt litt i Digitalarkivet og funnet ut at b\u00e5de Lindesnesveien 785(bnr4)og 771(bnr 3)trolig ble utskilt fra et hovedbruk ved utskifting tgl 10.april 1901. Sofies og Sigvarts eiendom ble overf\u00f8rt til Sigvart ved skj\u00f8te fra en Ole Pedersen 3.desember 1908. Ut fra pris( kr.2000) etc har det neppe da st\u00e5tt noe hus p\u00e5 eiendommen slik at Sofies hus trolig er oppf\u00f8rt i regi av Sigvart. Ut fra det min far fortalte var Sigvart en sv\u00e6rt nevenyttig mann som ogs\u00e5 var med p\u00e5 ulike anlegg bl.a Ryvingen fyr-s\u00e5 det er en mulighet for at han i det minste deltok ved oppf\u00f8ring av det som ble hans hjem til han gikk bort i 1935.Dersom foto tatt i forbindelse med begravelsen m\u00e5 dette f\u00f8lgelig v\u00e6re tatt i 1935. Sofie hus var i familiens eie inntil det ble solgt tidlig p\u00e5 1980 tallet.<\/em><\/p>\n<p style=\"font-weight: 400;\"><em>N\u00e5r det gjelder Lindesnesveien 785 har denne eiendom hatt flere eiere siden 1901.Grunnet omlegging av pantebokregisteret vil en trolig m\u00e5tte opps\u00f8ke Riksarkiv\/statsarkiv for \u00e5 finne dokumenter fra f\u00f8r 1930.Forut for 1930 ble denne eiendom eiet av Albert Abrahamsen som i 1930 skj\u00f8tet den over til S\u00f8ren S\u00f8rensen.Videre til nevntes barn Ruth Nilsen og Audun S\u00f8rensen og deretter i 1981 til Liv Sonja Jensen.Hvorvidt det var slektsskapsb\u00e5nd mellom noen av de ovennevte og Tobias og Gurine Jansen f\u00f8dt\u00a0 hhv 10.april 1859 og 19.februar 1859 vites ikke .Beklager min sammenblanding av Jensen og Jansen som nok ikke hadde noe for seg.Imidlertid synes det sikkert at Gurine Jansen har bodd p\u00e5 denne eiendom sammen med sin mann Tobias som bl.a. var g\u00e5rdbruker. (Han var ogs\u00e5 i New York). Av tinglysing p\u00e5 denne eiendom i 1950 fremg\u00e5r at uskifteattest for Gurine Jansen var vedlagt dokument.<\/em><\/p>\n<p style=\"font-weight: 400;\"><em>Jeg tror fotoet av dine besteforeldre enten er tatt foran Sofies hus eller foran et mulig bygg p\u00e5 nr 785 som har ligget n\u00e6rmere veien og som ikke var halvvalmet. Jeg er enig i at \u00abskogen\u00bbbak Sofies hus er mer tettvokst en dagens situasjon-men dette kan ha sammenheng med at skog ble fjernet da tomt og vei ble utskilt(I 1938) til bakenforliggende hus for datter av Sofie og Sigvart; Gudrun Fagerheim.<\/em><\/p>\n<p style=\"font-weight: 400;\">\n<\/div>\n<div><\/div>\n<div><\/div>\n<div><\/div>\n","protected":false},"excerpt":{"rendered":"<p>Bildet nedenfor viser farmor Amalie og farfar Kornelius, og det er tatt rundt 1936-38. Bilen er Chevrolet 1926-modell som min far William eide 1936-38; han har nok tatt bildet. Kan grunnen til at de var p\u00e5 bes\u00f8k p\u00e5 Lindesnes &#8211; i forbindelse med Sigvarts begravelse? G\u00e5r ut fra at det er ved et hus langs [&hellip;]<\/p>\n","protected":false},"author":1,"featured_media":0,"parent":0,"menu_order":20,"comment_status":"closed","ping_status":"closed","template":"no_sidebar.php","meta":{"jetpack_post_was_ever_published":false,"footnotes":""},"class_list":["post-5210","page","type-page","status-publish","hentry"],"jetpack_sharing_enabled":true,"jetpack_shortlink":"https:\/\/wp.me\/P6aoJ2-1m2","_links":{"self":[{"href":"https:\/\/ww2.fjeldskaar.com\/index.php\/wp-json\/wp\/v2\/pages\/5210"}],"collection":[{"href":"https:\/\/ww2.fjeldskaar.com\/index.php\/wp-json\/wp\/v2\/pages"}],"about":[{"href":"https:\/\/ww2.fjeldskaar.com\/index.php\/wp-json\/wp\/v2\/types\/page"}],"author":[{"embeddable":true,"href":"https:\/\/ww2.fjeldskaar.com\/index.php\/wp-json\/wp\/v2\/users\/1"}],"replies":[{"embeddable":true,"href":"https:\/\/ww2.fjeldskaar.com\/index.php\/wp-json\/wp\/v2\/comments?post=5210"}],"version-history":[{"count":10,"href":"https:\/\/ww2.fjeldskaar.com\/index.php\/wp-json\/wp\/v2\/pages\/5210\/revisions"}],"predecessor-version":[{"id":6844,"href":"https:\/\/ww2.fjeldskaar.com\/index.php\/wp-json\/wp\/v2\/pages\/5210\/revisions\/6844"}],"wp:attachment":[{"href":"https:\/\/ww2.fjeldskaar.com\/index.php\/wp-json\/wp\/v2\/media?parent=5210"}],"curies":[{"name":"wp","href":"https:\/\/api.w.org\/{rel}","templated":true}]}}